{"id":3996,"date":"2025-10-29T10:44:48","date_gmt":"2025-10-29T09:44:48","guid":{"rendered":"https:\/\/www.pastificiodestefano.it\/?post_type=product&#038;p=3996"},"modified":"2025-10-29T14:38:08","modified_gmt":"2025-10-29T13:38:08","slug":"mezzelune-gorgonzola-aop-et-poires","status":"publish","type":"product","link":"https:\/\/www.pastificiodestefano.it\/fr\/produit\/mezzelune-gorgonzola-aop-et-poires\/","title":{"rendered":"Mezzelune gorgonzola AOP et poires"},"content":{"rendered":"<h2>Ingr\u00e9dients<\/h2>\n<p>Farce 50% : Gorgonzola AOP fort 22% (11% du<br \/>\ntotal) (dont LAIT), poires Williams 20% (10% du total), pommes<br \/>\nde terre d\u00e9shydrat\u00e9es, ricotta (LACTOS\u00c9RUM, LAIT, sel),<br \/>\nfromages en tranche (dont LAIT), f\u00e9cule de pomme de terre,<br \/>\nconcentr\u00e9 de poire 4% (2% du total), sel, fibres v\u00e9g\u00e9tales<br \/>\n(Bambou, Psyllium), ar\u00f4mes naturels, arome naturel de poire.<br \/>\nP\u00e2tes 50% : farine de BL\u00c9 tendre type &#8220;00&#8221;, semoule de BL\u00c9 dur, OEUFS 20%, eau.<br \/>\nSaupoudrer de cr\u00e8me de riz.<\/p>\n<p>Il peut contenir ARACHIDES, FRUITS \u00c0 COQUE, C\u00c9LERI, MOUTARDE, S\u00c9SAME, SOJA, POISSON, CRUSTAC\u00c9S, LUPIN.<\/p>\n<p>Allerg\u00e8nes : <em>indiqu\u00e9s en majuscules<\/em>.<br \/>\nTemps de cuisson : 5 minutes.<\/p>\n<h2>Mode d&#8217;emploi<\/h2>\n<p>Cuire \u00e0 l&#8217;eau sal\u00e9e<br \/>\nConditionn\u00e9 sous atmosph\u00e8re protectrice.<br \/>\nConsommez dans les 3 jours apr\u00e8s l&#8217;ouverture.<\/p>\n<p>Conserver au r\u00e9frig\u00e9rateur entre 0 et + 4\u00b0C. A consommer apr\u00e8s la cuisson.<\/p>\n","protected":false},"excerpt":{"rendered":"<p>P\u00e2tes aux \u0153ufs farcies fra\u00eeches<\/p>\n","protected":false},"featured_media":2698,"comment_status":"closed","ping_status":"closed","template":"","meta":{"wprm-recipe-roundup-name":[],"wprm-recipe-roundup-description":[]},"product_cat":[155],"product_tag":[181,178],"class_list":{"0":"post-3996","1":"product","2":"type-product","3":"status-publish","4":"has-post-thumbnail","6":"product_cat-saisonnier","7":"product_tag-du-fromage","8":"product_tag-fruit","10":"first","11":"instock","12":"taxable","13":"shipping-taxable","14":"product-type-simple"},"aioseo_notices":[],"_links":{"self":[{"href":"https:\/\/www.pastificiodestefano.it\/fr\/wp-json\/wp\/v2\/product\/3996","targetHints":{"allow":["GET"]}}],"collection":[{"href":"https:\/\/www.pastificiodestefano.it\/fr\/wp-json\/wp\/v2\/product"}],"about":[{"href":"https:\/\/www.pastificiodestefano.it\/fr\/wp-json\/wp\/v2\/types\/product"}],"replies":[{"embeddable":true,"href":"https:\/\/www.pastificiodestefano.it\/fr\/wp-json\/wp\/v2\/comments?post=3996"}],"wp:featuredmedia":[{"embeddable":true,"href":"https:\/\/www.pastificiodestefano.it\/fr\/wp-json\/wp\/v2\/media\/2698"}],"wp:attachment":[{"href":"https:\/\/www.pastificiodestefano.it\/fr\/wp-json\/wp\/v2\/media?parent=3996"}],"wp:term":[{"taxonomy":"product_cat","embeddable":true,"href":"https:\/\/www.pastificiodestefano.it\/fr\/wp-json\/wp\/v2\/product_cat?post=3996"},{"taxonomy":"product_tag","embeddable":true,"href":"https:\/\/www.pastificiodestefano.it\/fr\/wp-json\/wp\/v2\/product_tag?post=3996"}],"curies":[{"name":"wp","href":"https:\/\/api.w.org\/{rel}","templated":true}]}}

<h2>Ingrédients</h2>
<p>Farce 50% : Gorgonzola AOP fort 22% (11% du<br />
total) (dont LAIT), poires Williams 20% (10% du total), pommes<br />
de terre déshydratées, ricotta (LACTOSÉRUM, LAIT, sel),<br />
fromages en tranche (dont LAIT), fécule de pomme de terre,<br />
concentré de poire 4% (2% du total), sel, fibres végétales<br />
(Bambou, Psyllium), arômes naturels, arome naturel de poire.<br />
Pâtes 50% : farine de BLÉ tendre type &#8220;00&#8221;, semoule de BLÉ dur, OEUFS 20%, eau.<br />
Saupoudrer de crème de riz.</p>
<p>Il peut contenir ARACHIDES, FRUITS À COQUE, CÉLERI, MOUTARDE, SÉSAME, SOJA, POISSON, CRUSTACÉS, LUPIN.</p>
<p>Allergènes : <em>indiqués en majuscules</em>.<br />
Temps de cuisson : 5 minutes.</p>
<h2>Mode d&#8217;emploi</h2>
<p>Cuire à l&#8217;eau salée<br />
Conditionné sous atmosphère protectrice.<br />
Consommez dans les 3 jours après l&#8217;ouverture.</p>
<p>Conserver au réfrigérateur entre 0 et + 4°C. A consommer après la cuisson.</p>

<p>Pâtes aux œufs farcies fraîches</p>
